, -s + v*w = w - l. What is the tens digit of s?
6
Suppose 366 = 14*g - 11*g + 4*a, -3*g + 339 = -5*a. Suppose 2*f - 106 = 4*s, -230 = -4*f + 2*s - 0*s. Let x = g - f. What is the tens digit of x?
5
Let n(f) = f**3 + 7*f**2 - 16*f - 2. Let s = -193 - -186. What is the hundreds digit of n(s)?
1
Suppose 13*c + 1681 - 446 = 0. Let d = c - -1023. What is the hundreds digit of d?
9
Suppose -19 = -6*d + 5. Let v(j) = -2*j**3 + 2*j**2 + 4*j - 10. Let x be v(d). What is the tens digit of 9/(x/4)*-95?
3
Suppose -11*d - q = -9*d - 11, q = 5*d - 10. Suppose -m + 2*n + 1442 = d*m, 2*m - 741 = -3*n. What is the tens digit of m?
6
Suppose 0 = -o - 3*b + 17120, -2*o = -2*b - 2*b - 34320. What is the hundreds digit of o?
1
Let d(n) = -n**3 + 5*n**2 + 17*n - 7. Let c be d(-3). Suppose -c*z + 16*z = 2098. What is the tens digit of z?
4
Suppose 2169440 = 101*m + 48*m. What is the thousands digit of m?
4
Let p(x) = 54*x**2 + 122*x - 57. What is the hundreds digit of p(-12)?
2
Let k be 28/8 + -3 + (-151)/(-2). Let a = -71 + k. Suppose w + 457 = 3*h, 0*w - 5*w + 735 = a*h. What is the hundreds digit of h?
1
Let g = -13 - -10. Let x(j) = -209*j - 11. Let r be x(g). Suppose 11*k - r = -0*k. What is the units digit of k?
6
Suppose -17*r + 15*r + 24 = 0. Let y be (r/9)/((-12)/18). What is the units digit of (4*(-244)/8)/y?
1
Let l = 53 - 50. Suppose -40 = -l*y + 2*y. Suppose -6*o = -10*o + y. What is the units digit of o?
0
Let c = 11908 + -6161. What is the thousands digit of c?
5
Suppose 22*o = -10*o + 36000. What is the hundreds digit of o?
1
What is the units digit of 3422/3*(462/(-28))/(-11)?
1
Let c(i) = -11*i - 24. Let z be c(-4). Let b(x) = x**3 - 19*x**2 + 8*x + 7. What is the hundreds digit of b(z)?
5
Suppose 2*p = 2*y - 24232, -5*p = -178 + 163. What is the thousands digit of y?
2
Let s = 439 - 576. What is the units digit of 6 - ((-3 - (6 + -12)) + s)?
0
Let m(a) = 2*a**2 + 3*a + 9. Suppose 7*p = 12*p + 45. What is the tens digit of m(p)?
4
Let z = -39 + 48. Suppose 218 = z*n - 34. Suppose -7 = -r + n. What is the units digit of r?
5
Suppose -p = -3*o + 6194, 0 = -o - 65*p + 61*p + 2030. What is the thousands digit of o?
2
Let y = 152178 - 108533. What is the thousands digit of y?
3
Suppose 903 = -13*t + 16*t. Suppose -298*j - 189 = -t*j. What is the units digit of j?
3
Let c(l) = -l**3 - 10*l**2 - 10*l - 5. Let y be c(-4). Let j = y - 338. Let w = -228 - j. What is the hundreds digit of w?
1
What is the tens digit of 5273 + 3*(0 + (-22)/(-6))?
8
Let v = -295 - -592. Suppose 294 = z - v. What is the units digit of z?
1
Let h(b) be the first derivative of -b**4/4 + 28*b**3/3 - 85*b**2/2 - 47*b - 189. What is the units digit of h(16)?
5
Suppose -3*r = -15, -13778 = -3*a - 5*r + 563. What is the units digit of a?
2
Suppose 45 - 125 = -20*l. Suppose 3049 + 423 = l*i. What is the hundreds digit of i?
8
Suppose 2*t + f - 252 = 0, -378 = -3*t - 0*t - 5*f. Let y = t - 63. What is the tens digit of y?
6
Let s(h) = h**3 + 40*h**2 - 6*h - 251. Let d be s(-40). Let n(t) = -t**2 + t + 5 - 24*t + 2. What is the tens digit of n(d)?
3
What is the hundreds digit of 10/(-10) + ((-14)/(-161) - 265855/(-23))?
5
Let t be (-11 - (-2 + -1))*(-83)/2. Let w = 477 - t. Suppose 5*l - w = 275. What is the units digit of l?
4
Suppose 5*z - 6 = -4*o - 20, 3*z = -2*o - 6. What is the tens digit of (o + 0 - -7) + (851 - -2)?
5
Suppose -y = 5*y - 0*y. Suppose 69*v - 61*v - 2096 = y. What is the hundreds digit of v?
2
Suppose 0 = -2*y - 2*j + 52, y + 2*j = -3*y + 98. Suppose 24*t = y*t - 22. Let w = 53 + t. What is the tens digit of w?
3
What is the tens digit of ((-17699)/22)/((-1)/2)?
0
Let r be (-2)/4*2 + 271. Let q = 443 + r. What is the tens digit of q?
1
Let b = 20 - 8. Suppose -175*q + 179*q - b = 0. Suppose q*m + 357 = 2*c, -3*c - 2*m + 518 = -3*m. What is the hundreds digit of c?
1
Suppose -314*f = -1442334 - 929936. What is the units digit of f?
5
Let u(r) = r**3 + 13*r**2 - 4*r - 49. Let d be u(-13). Suppose -2807 + 185 = -d*j. What is the tens digit of j?
7
Let f(h) be the second derivative of -3*h**3 - 8*h**2 + 16*h + 3. Suppose 4*j - 2*b + 3*b = -17, 0 = 2*b - 6. What is the tens digit of f(j)?
7
What is the hundreds digit of ((-3264)/18)/68 - 70238/(-3)?
4
Suppose 34*m = -11*m + 9*m + 33624. What is the units digit of m?
4
Let i be 460/100 + (-4)/(-10). Suppose i*g - 3*w = 14 + 11, -17 = -4*g + 3*w. Suppose 0 = -v - 2*o + 11, o - g = -o. What is the units digit of v?
3
Suppose 0*m - 5*m - 5*w = -315, -2*w = -2. Suppose -p = -16 - m. Suppose 0 = -2*n + p + 148. What is the hundreds digit of n?
1
Let l(z) = -z + z**2 - 2*z + 4*z**3 - 1 - 2*z**2. Let b be l(-1). What is the tens digit of 120 - (-1 + -2 - (0 + b))?
2
Let z(q) = -4*q**2 - 85*q - 21. Let p be z(-21). Suppose -7*n + 3183 + 1598 = p. What is the hundreds digit of n?
6
Let k = -3023 - -6668. Let i = 5114 - k. What is the tens digit of i?
6
What is the hundreds digit of (-37251)/(-6) + (-54)/(-12) + -3?
2
Suppose -t - 53 = -c + 209, 0 = -4*t - 5*c - 1003. Let d = 416 - t. What is the hundreds digit of d?
6
Let b(x) = 15 + 26 - 6 + 11 + 0 - 40*x. What is the hundreds digit of b(-23)?
9
Suppose 0 = 3*o + u - 29, -3*u = o - 19 - 4. Suppose -o*m - 306 + 2266 = 0. What is the hundreds digit of m?
2
Suppose -13200 = -22*q + 18*q. Suppose 43*d - 38*d = q. Suppose 0 = 32*i - 35*i + d. What is the tens digit of i?
2
Suppose -137*c + 130*c + 21 = 0. What is the units digit of ((-3224)/c)/(-8) + (-2)/6?
4
Let n(a) = 3*a**2 - a**2 - 2*a + a**2 - 15. Let p be n(4). Let h = p - 22. What is the units digit of h?
3
Suppose -t + 12 = 6. Let f be 2/(-3) - (-22)/t. Suppose -312 = -5*v + 2*m, -f*v + 5*m = -v - 108. What is the tens digit of v?
6
Let s(n) = 16*n**2 - 31*n + 59. Let p(k) = -5*k**2 + 11*k - 20. Let m(r) = 11*p(r) + 4*s(r). What is the units digit of m(4)?
8
Let o(t) = t**3 + 6*t**2 + t + 1. Let x be o(-3). Let n be 5/x + 28/10. Suppose n = -4*c + 151. What is the units digit of c?
7
Let h(p) = 2*p**2 + 17*p + 4. Let y be 4/(-2) - -9 - 52/13. What is the tens digit of h(y)?
7
Suppose v - 2*j - 20279 = 0, -v + 13638 + 6641 = -14*j. What is the tens digit of v?
7
Let w(o) = o**2 + 9*o - 18. Suppose 3 = -4*t - 41. Let a be w(t). Suppose -4*s = -a, -3*h - s = -8*h + 629. What is the tens digit of h?
2
Let c(r) = -r**3 + 43*r**2 - 86*r + 21. What is the units digit of c(27)?
3
Suppose -50060 - 22349 = -2*a + 3*l, -4*l = -4*a + 144824. What is the tens digit of a?
0
Suppose -s = 10*s - 22. Suppose -i - 22 = -4*v + 134, 3*i - 78 = -s*v. Suppose 2*f - 149 - v = 0. What is the tens digit of f?
9
Let i = -129 - -112. Let k(u) = -u**2 - 28*u + 26. What is the units digit of k(i)?
3
What is the hundreds digit of ((-355)/(-25) - 13)/((-6)/(-67520))?
5
Let v = -457 - -457. Suppose -3*d + 2*h + 4253 = v, -4*h - 1616 + 185 = -d. What is the hundreds digit of d?
4
Let l(n) = 17*n**3 + 2*n**2 + 12*n - 30. Let w = 654 - 650. What is the hundreds digit of l(w)?
1
Let u be (2/(-8))/((-12)/144). Suppose 0 = -b - u*d + 3, -4*b - 5*d + 8 = -2*b. Suppose b*f = 4*f + 530. What is the hundreds digit of f?
1
Let z(p) = -p**3 - 21*p**2 - 13*p + 16. Let o = -120 + 97. What is the hundreds digit of z(o)?
3
Suppose -35*r = -64*r + 485764 + 493392. What is the units digit of r?
4
Suppose -54*b = -343554 - 789528. What is the thousands digit of b?
0
Suppose -20*p = -62*p + 367248. What is the thousands digit of p?
8
Let c(u) = 70*u - 42. Let r be c(-9). Let m = 801 + r. What is the tens digit of m?
2
Suppose 25 = 5*k, a + 3*a - 46 = -2*k. Suppose a*p - 3 = 6*p. What is the tens digit of -3*267/(-9)*1/p?
8
Let u(t) = 4*t**2 + 11. Let g(q) = 21*q**2 - q + 56. Let r(f) = -2*g(f) + 11*u(f). Suppose 0 = -16*k + 33*k + 119. What is the units digit of r(k)?
3
Let y = -17571 - -25536. What is the units digit of y?
5
What is the tens digit of (223048/(-42))/((-52)/39)?
8
Let j = 8114 + -2296. What is the units digit of j?
8
Suppose -539 = 4*w - 679. Suppose -w*y + 19615 = -5690. What is the tens digit of y?
2
Suppose -2*h = -o + 3731, -h + 18699 = o + 4*o. What is the tens digit of o?
3
Suppose -20 = 24*g - 29*g. Suppose 17 - 7 = 2*p. Suppose g*x = 3*s + 2*s + 349, p*x = -5*s + 470. What is the units digit of x?
1
Let h = -602 + 146. Let o be (3/(-2))/(7/(-21))*h